) be the third derivative of a**5/60 + 3*a**4/8 + 5*a**3/3 - 211*a**2. What is p(-7)?
-4
Let b(w) = -2*w - 6. Let t(y) = y + 3. Let h(u) = 3*b(u) + 5*t(u). Suppose -4*f = -5*s + 8, 1 = f + 9*s - 11*s. Determine h(f).
4
Let b(w) be the second derivative of 0 + 1/12*w**4 + 0*w**2 + 1/20*w**5 - 5*w - 1/3*w**3. Calculate b(-2).
0
Let v(s) = 13*s - 9. Suppose d - 3*z + 2 = 0, 3*d - 2*d - 2 = -z. Calculate v(d).
4
Suppose 5 = -5*i, -46 = -5*g - i - 12. Let j(z) = z**3 + 5*z**3 - 7*z - 5*z**3 - 6*z**2 - 1. What is j(g)?
-1
Let c be (-13)/(-4 + 11/3). Suppose 4*m - c = -3*v, -4*m + 8*m - 12 = 0. Let f(b) = b**3 - 10*b**2 + 9*b - 1. Determine f(v).
-1
Let z be 5/(-2)*(1008/70)/(-18). Let x(p) = 2*p**3 - 4*p**2 + 7*p - 10. Calculate x(z).
4
Let u(l) = 17*l - 21. Let p(n) = -9*n + 11. Let w(j) = -7*p(j) - 3*u(j). Let t(c) = c - 1. Let o(g) = -42*t(g) + 3*w(g). Suppose -3*m = 3 + 3. What is o(m)?
12
Let q = -2 - -3. Let b(a) = -42*a**2 + 4*a**3 + 1 + 4*a**3 - 104*a**2 - 2*a + 148*a**2. Calculate b(q).
9
Let v(p) = p. Let r = 2 - -3. Suppose 4*u - 3*g = 39, -u - g + r*g + 13 = 0. Suppose 2*k - 3 = u. Calculate v(k).
6
Let r be 5 + -6 + -4 + 8 + -3. Let m(l) be the third derivative of 0*l - 1/24*l**4 + r + l**2 - 1/3*l**3. What is m(-6)?
4
Let b be (11*(0 - 8/(-4)))/2. Let a(d) = -2 + d**2 - 2*d**2 + b - d**3. Calculate a(0).
9
Let o(v) = -3*v + 19. Suppose -4*l + 46 = -3*p, 4*p - 40 = -5*l + 2. Calculate o(l).
-11
Let u be 16/88 + (-86)/(-11). Let h = 8 - u. Let y(z) be the first derivative of -z**2/2 - 8*z + 2. Determine y(h).
-8
Suppose 2*w - 2 = -4*f + w, 3*f = -w + 1. Let j = f - 7. Let a(g) = g**2 + 3*g - 8. Let h(u) = 2*u**2 + 6*u - 16. Let t(r) = -5*a(r) + 2*h(r). Determine t(j).
-10
Suppose -3*j + 1046 = 7*j + 1076. Let m(i) = i - i**2 + 2 - 3 - 2*i. What is m(j)?
-7
Let j(c) = c**3 - 5*c**2 - 4. Let q be (-164)/6*(-15)/10. Let b = -37 + q. Give j(b).
-20
Let n(d) be the third derivative of -24*d**2 + 0 + 0*d - 11/6*d**3 - 1/24*d**4. Determine n(0).
-11
Let m(s) = -s + 3. Let k(l) = l - 2. Let o(t) = 5*k(t) + 4*m(t). Let b = 200 - 176. Suppose 41 - 137 = b*c. Calculate o(c).
-2
Let s(z) = -z - 1. Let d(g) = g + 10. Let x(w) = -d(w) - 5*s(w). Let y(i) = 6*i - 8. Let t be (-8)/((-3)/(-9)*-3). Let v(u) = t*x(u) - 5*y(u). Give v(4).
8
Let p(i) = -7*i**2 - 29*i + 62. Let c(x) = -3*x**2 - 14*x + 31. Let o(h) = -9*c(h) + 4*p(h). Let w be o(5). Let z(f) = f + 12. Determine z(w).
6
Let x(v) = v**2 + 11*v + 7. Let i(k) = k**3 + 4*k**2 - 2*k + 5. Let y be i(-5). Determine x(y).
-3
Let z(w) = 907 - 18*w - 907 + 4*w. Let q(u) = -209*u. Let r(k) = -3*q(k) + 44*z(k). Calculate r(-1).
-11
Let f be 120/(-100)*(-10)/3. Let i(x) = -5*x**2 + 8*x - 2. Let q(a) = 14*a**2 - 23*a + 6. Let u(c) = -11*i(c) - 4*q(c). Calculate u(f).
-2
Let f(y) = -y**2 - 6*y + 8. Suppose -3*k = -2*t - 26, 5*t - 4*k + 48 = t. Let u be 22/5 + t/25. Suppose -2*s = r + u, -2*r = -0*r - s + 13. Determine f(r).
8
Let w be 10/(9 - 4) + 4. Let r(a) = -a**2 + 5*a - 4. Determine r(w).
-10
Let u(d) = d**3 + 5*d**2 + 2*d + 5. Suppose 5*n + 3*y + 2*y = -20, -5*n - 2*y - 5 = 0. Suppose 0 = 5*o - 3*o - 4*p + 18, -o - 2*p - n = 0. Give u(o).
-5
Let v be (2/(-4))/((-3)/24). Let x(h) be the third derivative of h**6/120 - h**5/15 - 5*h**3/6 + 101*h**2. Determine x(v).
-5
Suppose -83*h = -53*h - 30. Let i(s) = -s - 6. Give i(h).
-7
Let s(c) = 2*c**3 + 6*c**2 - 4*c - 1. Let j(l) = 3*l**3 + 11*l**2 - 7*l - 2. Let b(t) = -3*j(t) + 5*s(t). What is b(3)?
4
Let i(n) = -n**3 + n**2 + n - 15. Suppose 0 = -3*d - 5*c - 4 + 25, 0 = 5*d + 4*c - 22. Suppose 3*f = 2 - d. What is i(f)?
-15
Let f be (-2)/(2*1*-1). Let y(w) = -13*w + 31131 - 31131. Give y(f).
-13
Let j(y) be the first derivative of y**4/4 + 4*y**3 - 6*y - 11. Let u be j(-12). Let i(o) = -o**3 - 7*o**2 - 6*o - 7. Calculate i(u).
-7
Let s(i) be the second derivative of -i**5/20 - 2*i**4/3 + 3*i**3/2 - 2*i**2 - i + 69. Give s(-9).
-4
Suppose -10*s = 2*s - 24. Let x(u) = -u + 6. Let f be x(3). Suppose f = -s*y - 5. Let c(b) = -b**2 - 2*b - 2. Calculate c(y).
-10
Let a(o) = -1 + 7*o - 9*o + 3*o - 1. Let g(s) = -s**3 - 7*s**2 + 8. Let j be g(-7). Determine a(j).
6
Let x(s) be the third derivative of -s**4/4 - 3*s**3/2 - 7*s**2. Let f(t) = 4*t + 6. Let w(z) = 8*f(z) + 5*x(z). Calculate w(3).
9
Let z(y) = y**2 + 2. Suppose 3*h + 0*d - d + 18 = 0, -d - 12 = 2*h. Let b be (h + 0)*16/(-6). Let v = -14 + b. Calculate z(v).
6
Let o(f) = -f**2 - 6*f + 6. Let y be o(1). Let c(j) = -j**3 + 1. Let t(d) = -6*d**3 + 7*d**2 - 6*d + 6. Let q(z) = y*t(z) + 5*c(z). Calculate q(6).
-1
Let k(u) = 0*u + 0*u + u + 0*u + 2. Let l = 63 - 35. Suppose -4*t + 2*o = 26, o = 4*t - 5 + l. Calculate k(t).
-3
Let w(r) = r - 4. Let a be w(4). Suppose m + 5*s - 4 = -a*s, 3*m = -2*s - 1. Let v = m + 4. Let x(d) = -d**3 + 4*d**2 - 4*d + 3. Determine x(v).
0
Let t(p) = -p**3 + 6*p**2 - 3*p - 8. Let o be t(5). Let q(b) = 3*b - 7*b + 7*b**2 + b**3 + 3*b - o - 8*b. Give q(-8).
6
Let y(p) = 3*p + 1. Suppose -3*w = -5*a + 3 + 26, -w + 9 = 3*a. Suppose -q - 9 = -a*s, -12 = 3*s + 2*q + q. Let d be -3 - -1 - s*3. Calculate y(d).
-14
Let k(x) = x**2 - 24*x + 104. Let g be k(19). Let d(q) = -q**3 + 9*q**2 + q + 5. Calculate d(g).
14
Let u(r) = -3*r**2 - 3*r. Let d(x) = -x**2 + x + 1. Let f(s) = -2*d(s) + u(s). Determine f(-7).
-16
Let d(p) = -p**3 + 3*p**2 + 2*p + 4. Let k be 3 - 7 - 0 - 5. Let m be k/(-15) + 7/5. Suppose 2 = m*c - 6. What is d(c)?
-4
Let z(q) = -q**3 + 9*q**2 + 9*q + 11. Let x be -4 - -4*((-6)/(-4) + 2). Give z(x).
1
Suppose -5*j + 5 = 0, 5*j + 14 = 3*r + 4*j. Let q(a) be the third derivative of 1/120*a**6 - 1/12*a**4 + 0 + 3*a**2 - 1/3*a**3 + 0*a - 1/20*a**r. Give q(4).
6
Let t(f) = 2*f + 6. Let l(s) = 3*s + 7. Let v(q) = 3*l(q) - 4*t(q). Let b(y) = -y**2 + 9*y - 11. Let i be b(8). What is v(i)?
-6
Let h be (20/15)/((-6)/(-315)). Suppose 0 = -4*g - g + h. Let c(u) = -5*u + 13*u**2 - 6 + 0*u - g*u**2. Calculate c(-5).
-6
Let y(u) = 4*u - 6. Suppose -40 = 24*d - 32*d. What is y(d)?
14
Let k(a) = 15*a**3 - a**2 - a + 1. Let q = 640 + -639. Calculate k(q).
14
Suppose -2*b = b - 15. Let m(a) = -4*a + 9. Let u(p) = -55 + 3*p + 108 - 61. Let z(g) = b*u(g) + 4*m(g). Determine z(-4).
0
Let b(h) = 3*h + 2. Let m(y) = y**2 - y - 2. Let o be -8*3/(-18)*9. Let t be 2/3 + o/(-18). Let p be m(t). Give b(p).
-4
Let t(q) = -q - 3 - 6 - 3 + 3. Suppose 0 = -5*n + 8*n + 21. Determine t(n).
-2
Let c(s) = 5*s - 10. Let i(y) = -6*y + 13. Let m(n) = 5*c(n) + 4*i(n). Calculate m(2).
4
Let d(k) = -k**3 - 6*k**2 + 3*k + 14. Let t be d(-6). Let n(i) = 4 - 5 - 5 - i. Determine n(t).
-2
Let t(w) = w**3 - 2*w**2 - 4. Let i be -5 + 4 + 6 - 2. Let j be t(i). Let q(a) = a - 4. Calculate q(j).
1
Let s = 99 - 96. Suppose s = v - 2, 22 = -2*u + 4*v. Let k(d) = 4*d**2 - 1. Determine k(u).
3
Let z(m) = -9*m - 4. Let x be z(-1). Suppose 5*c - 12 = -3*s - s, c + x*s = -6. Let k(v) = -v + 3. Give k(c).
-1
Let o(s) = s**2 + 1 - 2*s**2 + 1. Let y = -881 + 879. Determine o(y).
-2
Let b(v) = 3*v + 84 + v - 158 + 86. Give b(-10).
-28
Suppose -9*v + 132 - 24 = 0. Let s(o) = o**2 - 8*o - 5. Give s(v).
43
Let j(k) = -2*k**2 + 33*k + 301. Let n be j(23). Let o(h) = 2*h**2 + h - 1. Let s be o(1). Let v(t) = -t - n - 2*t + s*t - 3*t**2 + t**3. Determine v(3).
-5
Let n(r) be the first derivative of -r**2/2 - 10*r + 636. Determine n(-3).
-7
Suppose -v = -5 + 1, 3*i - 4*v - 14 = 0. Let f(z) = -z**2 + 12*z - 9. Give f(i).
11
Let f = -57 - -73. Suppose -3*h = 5*x + f, 0 = 2*h + 4*x - x + 9. Let u(i) = -5*i + 4. Give u(h).
-11
Suppose 5*a = 9 + 11. Let z be 1 - -1 - (a - 5). Let w(x) = -2*x**z + 5*x**2 + 2*x**3 + 3*x - 5 - 4*x + x**3. Give w(-5).
0
Let l be -2 + 5 + 0/(-3). Let q(z) = -3*z**l - 1 + z**3 + z**3 - 7*z + 8*z**2. Determine q(7).
-1
Suppose -3*i - 9 + 29 = 5*z, -2*z + 8 = -5*i. Let y be (-20)/8*-1*2. Suppose -r - 11 = -3*t, i = -t - y*r - 16 + 41. Let b(h) = 2*h - 1. What is b(t)?
9
Let g(h) = -1. Let u be 8/(-40) + 232/10. Let b(k) = -1 + 7*k - u*k + 11*k. Let o(f) = b(f) + 2*g(f). Determine o(-2).
7
Let f be -1*1 - (1 - 5). Suppose -4*c = f - 15. Let j(n) = 5*n - 1. Let a(h) = h. Let o(r) = 6*a(r) - j(r). Give o(c).
4
Let p(k) = 5*k**3 - 3*k**2 - k - 1. Let r(v) = -4*v**3 + 3*v**2 + 1. Let d(m) = 5*p(m) + 6*r(m). Suppose -9 = -3*h, 